2?
6
Let i(h) = -3*h + 4. Suppose 0 = -c - 0*c - 2. Let l(g) = -g - 1. Let n(x) = c*l(x) - i(x). Let r be n(2). Calculate the greatest common factor of r and 8.
8
Let n(i) = 10*i - 12. Let a be n(5). What is the highest common divisor of 266 and a?
38
Let i be -40 + -1 + (-2)/(-2). Let g be i/6*6/(-5). Let r be (-243)/(-12) + (-6)/24. Calculate the greatest common divisor of g and r.
4
Let n be 15 - 1 - (-2)/1. Let v(j) = -j**3 + 6*j**2 - j + 2. Let a be v(6). Let q be ((-36)/45)/(a/10). What is the highest common divisor of q and n?
2
Let f be 41/4 + 1/(-4). Let o = f + -4. What is the highest common factor of 3 and o?
3
Suppose 0 = 2*g + 3*g + 35. Let a(k) = k + 9. Let q be a(g). Suppose -220 = -q*c + c. What is the greatest common divisor of c and 20?
20
Suppose -6*g + 22 = -26. Calculate the greatest common divisor of 4 and g.
4
Let w = -26 - -51. Let d = -1 + w. Suppose 5*v - n - 80 = 3*n, 34 = 2*v - 2*n. What is the highest common divisor of d and v?
12
Let z be (-288)/27*6/(-4). Calculate the highest common divisor of 32 and z.
16
Let a = 301 - 69. What is the highest common divisor of 29 and a?
29
Let w = 3 - 3. Suppose w = -3*r + 13 + 14. Let y(d) = 9*d**2 - 2*d - 3. Let n be y(3). What is the highest common factor of n and r?
9
Let p = -1 - -6. Let f = -26 + 66. Calculate the highest common factor of p and f.
5
Let j(c) = -c**2 - 7*c - 1. Let h be j(-5). Let d(q) = 4*q - 32. Let f be d(17). What is the greatest common factor of h and f?
9
Let k = 27 - 13. Let u(c) = -5*c**3 - c**2 - 2. Let r be u(2). Let d = r - -74. What is the greatest common divisor of d and k?
14
Suppose -3*j + 4 = -5*l - 14, 3*l + 10 = j. Let o be 28*(-4 - l)/(-4). Let q be -27*(14/(-6))/1. What is the highest common divisor of q and o?
7
Suppose 2*b = -12*g + 8*g + 72, 0 = 2*g + 5*b - 52. What is the greatest common factor of 256 and g?
16
Suppose -485 = -3*n - 2*n. Suppose 4*o + 9 = n. Calculate the greatest common divisor of o and 11.
11
Suppose -a = 3*d - 27, -d - d + 23 = a. Suppose 2*z - 6*z = -28. Suppose 0 = -c + z + 8. Calculate the highest common factor of c and a.
15
Suppose 4*v = -4*h + 252, -4*v - v - 2*h + 315 = 0. Calculate the highest common factor of 21 and v.
21
Suppose -5*g - 289 = -3*m, -g = -0*g + 5. What is the greatest common divisor of m and 11?
11
Suppose -3*a = 3*r - 6, 33 = -5*r + 3*a + 83. Let m = -7 - -14. Let w be m*-3*(-7)/3. What is the highest common factor of r and w?
7
Let v be (128/(-12))/((-2)/9). Calculate the highest common divisor of v and 12.
12
Suppose 0 = -2*z - 5*p + 19, p - 3 - 2 = -z. What is the greatest common divisor of z and 1?
1
Let f be (-6*10/14)/(1/(-7)). Calculate the highest common factor of f and 50.
10
Let t be 9 - -22 - (-1 - 0). Calculate the greatest common divisor of 8 and t.
8
Suppose -13 = -5*q + 97. What is the highest common divisor of q and 154?
22
Let t be (-2)/2*2 + 43. Suppose 5*n = 24 + t. Suppose 117 = -0*u + 3*u. Calculate the greatest common divisor of u and n.
13
Let x = 96 - 80. Let u = -78 + 158. Calculate the highest common divisor of u and x.
16
Let l(w) = w**3 + 8*w**2 - 2*w + 6. Let p be l(-8). What is the greatest common divisor of 66 and p?
22
Suppose u + 138 = -4*f, 3*f + f = 4*u - 148. Let o = f - -63. Suppose -2*x = -2*p - 0*p - 16, -3*x - p = -20. Calculate the greatest common factor of o and x.
7
Let s = 17 + -12. Let f be ((-8)/s)/((-2)/10). What is the highest common factor of f and 1?
1
Let c be (17*2)/(6/6). Let z = c + -18. What is the greatest common divisor of z and 40?
8
Let f(s) = s**2 - 4. Let g be f(5). Calculate the highest common factor of g and 14.
7
Let s = 40 - 58. Let r = -2 - s. What is the highest common factor of r and 16?
16
Let b = 130 - 70. Suppose 4*h - 93 = 3. What is the highest common factor of b and h?
12
Let g(a) = a**2 + 15*a - 17. Let o be g(-14). Let s = o + 43. What is the highest common divisor of 48 and s?
12
Suppose -4*s + 35 = -1. Calculate the greatest common factor of s and 1.
1
Let v(s) be the first derivative of -17*s**2 - 3*s + 5. Let x be v(-3). What is the greatest common factor of x and 11?
11
Let s(d) = d. Let r(u) = -41*u - 6. Let m(f) = -r(f) + 3*s(f). Let a be m(5). Let q be (-2)/(2 - a/112). What is the highest common factor of q and 14?
14
Suppose p + p = 112. Suppose 2*k - 13 - 1 = -q, 2*q - 22 = -2*k. Calculate the greatest common factor of q and p.
8
Suppose 0 = -5*j + 135 + 30. Let d be j/9 - (-2)/(-3). Suppose -d*o - o = -24. What is the greatest common factor of 18 and o?
6
Let h(o) = o**3 - 7*o**2 + o - 6. Suppose -45 = -t - 4*t. Let l be h(t). What is the highest common divisor of l and 15?
15
Let i = -1 - -1. Suppose -4*d + 215 + 17 = i. Suppose 3*k + 9 = z, -2*k - d = -z - 4*z. Calculate the highest common divisor of 18 and z.
6
Let u = 5 + 3. What is the highest common divisor of u and 88?
8
Let g(s) = 92*s - 2. Let i be g(1). Let z = 135 - i. What is the highest common factor of 18 and z?
9
Suppose 4*h = -5*n + 48, 0 = -2*n + 6*n. Calculate the greatest common divisor of 4 and h.
4
Let a(s) = -3*s**3 - 13 + 10*s**2 + 2*s**3 + s**3 - 13*s + s**3. Let f be a(-11). Let v be 2*(1 - (-79)/2). What is the greatest common divisor of v and f?
9
Let r be 21/(3/10*5). What is the highest common factor of r and 42?
14
Suppose 0 = -q - 3, -5*f + 0*q = 2*q + 211. Let x = 31 - f. Suppose 6*g = 2*g + x. Calculate the highest common divisor of 6 and g.
6
Suppose -12 = 2*g - 44. Calculate the highest common factor of g and 48.
16
Suppose 4*c = -18 + 6. Let y = 98 + c. Suppose 5*h - y = -0*h. What is the highest common divisor of 95 and h?
19
Suppose 2*l + 11 = 4*i - l, -4*i = 2*l - 6. Let a(k) = 26*k**2 - 3*k + 1. Let w be a(i). Calculate the highest common divisor of w and 11.
11
Let f(d) = -2*d**3 - 3*d**2 - 5*d - 5. Let x be f(-2). Calculate the greatest common factor of 72 and x.
9
Suppose -5*v = 4*i - i - 214, -i + 2*v + 53 = 0. What is the greatest common divisor of i and 9?
9
Let h(l) = 137*l**2 + 1. Let o be h(1). Calculate the highest common divisor of 92 and o.
46
Let v(k) = k**3 - 10*k**2 + 8*k + 1. Let s be v(9). Let q = 58 - s. What is the highest common divisor of q and 6?
6
Let b be (-8)/28 - 4/(-14). Suppose b = 2*q + 3*q + 35. Let t = -1 - q. What is the greatest common factor of 30 and t?
6
Let h(n) = -n**2 + 15*n + 40. Let x be h(10). What is the greatest common factor of 18 and x?
18
Let j = -12 - -78. Calculate the highest common divisor of j and 22.
22
Suppose -9*l + 5*l = -k - 2, 2*k = -5*l + 9. Suppose -k*y + 12 = 2*y. Suppose -2*x + 10 = y*x. What is the greatest common divisor of 10 and x?
2
Let s(r) = 9*r + 5. Let n be s(5). Calculate the highest common factor of 10 and n.
10
Let f(u) = 16*u. Let m be f(3). Calculate the greatest common divisor of m and 8.
8
Let k = 5 - -10. Let i be -154*(k/(-6))/5. What is the highest common factor of 7 and i?
7
Let w(t) = 8*t**2 + t - 1. Let b be w(1). Calculate the greatest common factor of b and 112.
8
Let g(b) = 6*b**2 - 2*b - 2. Let z be g(2). Calculate the highest common factor of z and 36.
18
Suppose 5*w = 53 + 2. Let h(a) = a**2 + 4*a. Let n be h(-4). Suppose -4*v + 4 = -n. Calculate the highest common divisor of w and v.
1
Suppose 8 = 2*t + 4. Suppose -t*x - 2 + 28 = 0. Calculate the highest common divisor of 91 and x.
13
Let w(k) = 4*k**2 - 4*k - 4. Let y(i) = -5*i**2 + 5*i + 5. Let z(v) = 4*w(v) + 3*y(v). Let f be z(2). What is the highest common factor of 11 and f?
1
Let y(x) = 3*x + 2. Let k be y(3). Calculate the highest common divisor of 44 and k.
11
Let v be (-414)/(-27) + (-4)/(-6). Calculate the greatest common divisor of 32 and v.
16
Let x(j) = -j**3 - j**2 + 8. Let m be x(0). Calculate the greatest common factor of 20 and m.
4
Let o(d) = d**3 - 7*d**2 + 2*d - 9. Let a be o(7). Suppose 2*b = 0, -2*b + a - 3 = k. What is the highest common divisor of 5 and k?
1
Let h be (13/3)/((-3)/9). Let p = h - -24. Suppose 0 = -3*n + 5*n + 3*m - 10, -3*m + 21 = 3*n. Calculate the highest common divisor of p and n.
11
Suppose -2*g + 226 = -2*l, 2*g - 2*l = 3*g - 110. Calculate the highest common divisor of 16 and g.
16
Let o(r) = -2*r**3 - 3*r**2 + 2*r - 4. Let f be -8 + -1 + (0 - 0). Let a = f - -6. Let k be o(a). What is the highest common factor of k and 1